e the greatest common factor of 505 and 21614.
101
What is the highest common divisor of 1916 and 2139214?
958
What is the greatest common factor of 90 and 14445?
45
What is the greatest common factor of 5684 and 2088?
116
Calculate the greatest common divisor of 874 and 72105.
437
What is the highest common factor of 246960 and 700?
140
Calculate the highest common divisor of 41571 and 10881.
279
Calculate the highest common factor of 135 and 81.
27
What is the highest common divisor of 6616 and 3384?
8
Calculate the highest common divisor of 3186 and 69856.
118
Calculate the highest common factor of 1550 and 15066.
62
What is the highest common factor of 15447 and 21261?
57
Calculate the greatest common factor of 45345 and 1605.
15
Calculate the highest common factor of 232 and 306472.
232
What is the greatest common divisor of 118 and 5782?
118
Calculate the greatest common divisor of 407 and 11359.
37
What is the greatest common factor of 369 and 262593?
9
Calculate the greatest common divisor of 2202 and 5070.
6
What is the highest common factor of 310122 and 594?
54
Calculate the greatest common divisor of 25640 and 280.
40
What is the greatest common factor of 78 and 2847390?
78
What is the highest common divisor of 63 and 10689?
21
What is the greatest common factor of 66501 and 54?
27
What is the highest common divisor of 9985 and 5?
5
Calculate the greatest common factor of 885684 and 207.
69
What is the highest common divisor of 46410 and 34?
34
What is the greatest common factor of 2428 and 243407?
607
What is the highest common divisor of 27323 and 9701?
89
What is the greatest common factor of 16 and 3440816?
16
Calculate the greatest common divisor of 3077 and 35657.
181
What is the greatest common divisor of 60 and 336700?
20
Calculate the highest common divisor of 326 and 207173.
163
Calculate the greatest common factor of 772135 and 1690.
65
What is the highest common factor of 130954 and 164?
82
Calculate the highest common divisor of 42977 and 352.
11
What is the highest common factor of 3964 and 40?
4
What is the greatest common factor of 1023 and 26846?
31
What is the highest common factor of 11679 and 459?
51
What is the greatest common divisor of 17590 and 1570?
10
What is the greatest common factor of 15918823 and 619?
619
What is the greatest common factor of 4977 and 1575?
63
What is the greatest common factor of 2057 and 20009?
187
What is the greatest common divisor of 324 and 13788?
36
What is the highest common divisor of 24 and 52776?
24
What is the highest common factor of 1057 and 2586479?
1057
What is the highest common factor of 3364 and 174?
58
Calculate the highest common divisor of 412 and 184370.
206
What is the greatest common factor of 48 and 310794?
6
Calculate the greatest common divisor of 4544 and 5822.
142
What is the greatest common divisor of 629 and 7616?
17
Calculate the greatest common factor of 3966260 and 20.
20
What is the highest common divisor of 7 and 6170339?
7
Calculate the greatest common factor of 145609 and 29.
29
Calculate the greatest common factor of 1776 and 17304.
24
What is the highest common divisor of 16093 and 567?
7
What is the greatest common factor of 18094 and 1660?
166
Calculate the highest common divisor of 133 and 5208.
7
Calculate the highest common divisor of 57677 and 822.
137
Calculate the highest common factor of 5064 and 31228.
844
What is the greatest common divisor of 430 and 13670?
10
Calculate the greatest common divisor of 92 and 10592.
4
Calculate the greatest common factor of 97918 and 2264.
566
What is the greatest common factor of 247316 and 238?
34
What is the greatest common divisor of 6 and 34689?
3
What is the greatest common divisor of 1261872 and 864?
432
What is the highest common factor of 3379547 and 67?
67
Calculate the greatest common divisor of 18964 and 77.
11
Calculate the highest common factor of 106090 and 1236.
206
What is the greatest common factor of 65 and 6991400?
65
What is the greatest common factor of 2 and 73378?
2
Calculate the greatest common factor of 909 and 4747.
101
What is the highest common divisor of 128 and 3504?
16
Calculate the greatest common divisor of 4785 and 1485.
165
What is the greatest common divisor of 824 and 25184?
8
Calculate the greatest common divisor of 185 and 108262.
37
What is the highest common factor of 966552 and 12?
12
Calculate the greatest common factor of 146643 and 6.
3
Calculate the highest common factor of 232873 and 59.
59
What is the greatest common divisor of 345232 and 80?
16
What is the highest common divisor of 1656 and 113904?
72
What is the greatest common divisor of 2794 and 2540?
254
What is the highest common factor of 135305 and 35?
5
Calculate the highest common divisor of 23730 and 690.
30
What is the highest common divisor of 1136 and 176?
16
Calculate the highest common divisor of 2410177 and 33.
11
Calculate the highest common factor of 75187 and 805.
161
What is the highest common divisor of 196 and 748916?
196
Calculate the highest common factor of 207 and 1881.
9
What is the highest common factor of 434 and 2618?
14
What is the greatest common divisor of 1188 and 111408?
132
Calculate the highest common divisor of 12 and 6230724.
12
What is the highest common factor of 400972 and 55?
11
Calculate the greatest common factor of 176 and 114128.
16
What is the greatest common factor of 89093 and 689?
53
What is the highest common divisor of 174 and 108170?
58
Calculate the greatest common divisor of 8943 and 7046.
271
Calculate the highest common divisor of 81 and 4842.
9
Calculate the greatest common factor of 38175 and 10275.
75
What is the highest common divisor of 70 and 4130?
70
Calculate the greatest common factor of 631 and 1203317.
631
Calculate the greatest common factor of 2030 and 11774.
406
What is the highest common factor of 32 and 38713?
1
What is the highest common factor of 5 and 11900?
5
What is the highest common factor of 706 and 937?
1
Calculate the greatest common divisor of 963767 and 3668.
917
What is the greatest common factor of 4137 and 5271?
21
What is the highest common factor of 533222 and 442?
34
What is the greatest common factor of 1030370 and 1615?
1615
Calculate the greatest common factor of 161 and 3605.
7
Calculate the greatest common divisor of 8145 and 1371.
3
Calculate the greatest common factor of 30832 and 4042.
94
What is the highest common divisor of 3 and 91199?
1
What is the highest common factor of 26 and 418886?
26
Calculate the highest common factor of 209 and 5053829.
209
What is the greatest common factor of 189324 and 204?
12
What is the greatest common divisor of 258009 and 102?
51
Calculate the highest common factor of 24 and 304188.
12
Calculate the greatest common factor of 396 and 28809.
99
Calculate the highest common factor of 5219 and 459.
17
Calculate the highest common divisor of 335096 and 32.
8
Calculate the greatest common factor of 42462 and 70.
14
What is the highest common divisor of 492 and 12616602?
246
What is the greatest common divisor of 426 and 2277183?
213
What is the highest common divisor of 333 and 95201?
37
Calculate the greatest common factor of 136215 and 135.
135
What is the highest common divisor of 7954 and 4268?
194
Calculate the highest common factor of 1121022 and 2952.
738
Calculate the highest common divisor of 704339 and 838.
419
Calculate the highest common factor of 852 and 48.
12
Calculate the highest common divisor of 14 and 36106.
14
What is the greatest common factor of 136290 and 490?
70
Calculate the highest common divisor of 6438 and 26593.
29
What is the highest common factor of 14 and 35465038?
14
Calculate the highest common divisor of 3321 and 156411.
81
What is the highest common factor of 16605 and 164?
41
What is the highest common factor of 1449 and 432?
9
What is the highest common factor of 4 and 8486?
2
What is the highest common factor of 1552 and 1261?
97
What is the highest common divisor of 24211 and 284?
71
Calculate the greatest common factor of 17 and 72437.
17
What is the highest common factor of 234390 and 10?
10
What is the highest common factor of 189 and 2331?
63
Calculate the greatest common factor of 38718 and 378.
54
Calculate the highest comm